Is 312733 prime?
False
Is 6931 a composite number?
True
Is 5485 a composite number?
True
Is 154321 a composite number?
False
Is 211771 a composite number?
True
Is 543791 a prime number?
True
Is 5670363 prime?
False
Is 12197 a prime number?
True
Is 5143 a composite number?
True
Is 26917 composite?
True
Is 340805 prime?
False
Is 51941 a composite number?
False
Is 4507 composite?
False
Is 9461 a prime number?
True
Is 745 composite?
True
Is 62773 a prime number?
True
Is 820361 composite?
False
Is 254329 composite?
False
Is 257827 a composite number?
True
Is 114685 a prime number?
False
Is 84289 a prime number?
False
Is 8641 a prime number?
True
Is 5099 a prime number?
True
Is 1214 prime?
False
Is 17623 prime?
True
Is 273737 a prime number?
False
Is 94289 composite?
True
Is 5129 composite?
True
Is 231779 prime?
True
Is 85379 composite?
True
Is 26921 a composite number?
False
Is 391 prime?
False
Is 6289 prime?
False
Is 5923 composite?
False
Is 18353 prime?
True
Is 739829 composite?
False
Is 49733 a composite number?
True
Is 375767 prime?
False
Is 1349177 composite?
False
Is 24859 composite?
False
Is 94151 composite?
False
Is 16871 composite?
False
Is 21619 composite?
True
Is 301441 composite?
True
Is 157793 a composite number?
False
Is 23761 a prime number?
True
Is 746363 composite?
False
Is 866 composite?
True
Is 142855 prime?
False
Is 190573 a prime number?
True
Is 77021 composite?
True
Is 30449 composite?
False
Is 1480454 a prime number?
False
Is 5051 a prime number?
True
Is 5737 composite?
False
Is 2147539 prime?
False
Is 7502411 a prime number?
False
Is 54869 a composite number?
False
Is 280859 composite?
False
Is 16343 a composite number?
True
Is 501778 composite?
True
Is 178073 prime?
False
Is 105097 a prime number?
True
Is 1082681 a prime number?
True
Is 121043 composite?
True
Is 35078 composite?
True
Is 5809 a prime number?
False
Is 21139 a prime number?
True
Is 1217 prime?
True
Is 14843 prime?
True
Is 3127 prime?
False
Is 1835051 composite?
False
Is 91283 a composite number?
False
Is 52807 composite?
False
Is 191773 prime?
True
Is 18329 composite?
False
Is 763 composite?
True
Is 38501 prime?
True
Is 125807 a prime number?
False
Is 1511 a composite number?
False
Is 7531 composite?
True
Is 49663 composite?
False
Is 54019 a composite number?
True
Is 88069 composite?
False
Is 57415 prime?
False
Is 1403341 prime?
False
Is 31645 a prime number?
False
Is 1830911 a composite number?
False
Is 1363153 composite?
True
Is 2159 composite?
True
Is 31897 a prime number?
False
Is 205483 prime?
True
Is 31601 a prime number?
True
Is 42027 a prime number?
False
Is 21481 a prime number?
True
Is 9609 prime?
False
Is 183437 a composite number?
False
Is 6503 a prime number?
False
Is 1128569 a prime number?
False
Is 12839 composite?
True
Is 945205 composite?
True
Is 6779 prime?
True
Is 36229 a prime number?
True
Is 2894131 composite?
True
Is 5637 composite?
True
Is 7853 a composite number?
False
Is 18937 a prime number?
False
Is 274321 prime?
False
Is 14981 a composite number?
True
Is 28199 a prime number?
False
Is 10651 prime?
True
Is 7247 composite?
False
Is 7768699 a composite number?
False
Is 685897 prime?
False
Is 260317 a composite number?
False
Is 1767491 a prime number?
False
Is 97073 composite?
False
Is 411503 a prime number?
True
Is 192813 prime?
False
Is 134731 a prime number?
True
Is 759871 a prime number?
False
Is 19831 prime?
False
Is 2813 a prime number?
False
Is 166099 a composite number?
False
Is 98573 a composite number?
False
Is 7211 a prime number?
True
Is 44719 prime?
False
Is 1380469 prime?
True
Is 194743 a composite number?
True
Is 12587 a composite number?
True
Is 719 a composite number?
False
Is 96893 composite?
False
Is 3439 a composite number?
True
Is 134723 composite?
True
Is 10911 prime?
False
Is 98485 composite?
True
Is 127 prime?
True
Is 4661 prime?
False
Is 3491 prime?
True
Is 598571 prime?
True
Is 32169 prime?
False
Is 43509 prime?
False
Is 259609 a composite number?
True
Is 923513 composite?
False
Is 29089 prime?
False
Is 42061 a prime number?
True
Is 649261 composite?
False
Is 25133 composite?
True
Is 7993 a composite number?
False
Is 8963 prime?
True
Is 6761 a composite number?
False
Is 109931 a composite number?
True
Is 1087 a prime number?
True
Is 169811 composite?
True
Is 320627 composite?
False
Is 43657 composite?
True
Is 288877 a composite number?
False
Is 4493 a composite number?
False
Is 124147 composite?
False
Is 66697 a prime number?
True
Is 1758221 a prime number?
True
Is 641909 a prime number?
True
Is 261379 a prime number?
True
Is 4369 a composite number?
True
Is 5071 prime?
False
Is 13829 a prime number?
True
Is 5953 composite?
False
Is 92903 prime?
False
Is 15053 composite?
False
Is 1182383 prime?
True
Is 137303 a composite number?
False
Is 56138 a prime number?
False
Is 1144239 prime?
False
Is 147607 composite?
False
Is 27831 prime?
False
Is 14077 a prime number?
False
Is 65473 a prime number?
False
Is 296095 a composite number?
True
Is 1524179 a prime number?
True
Is 85931 composite?
False
Is 26843 a composite number?
True
Is 13549 a composite number?
True
Is 20911 prime?
False
Is 638007 a prime number?
False
Is 28001 composite?
False
Is 537269 a composite number?
False
Is 2095 a composite number?
True
Is 965365 prime?
False
Is 1589 composite?
True
Is 569243 composite?
False
Is 1713557 a composite number?
False
Is 37034 a prime number?
False
Is 51691 composite?
False
Is 200201 composite?
False
Is 307 composite?
False
Is 381 prime?
False
Is 6197 composite?
False
Is 4152131 a composite number?
True
Is 400651 composite?
False
Is 1377997 prime?
False
Is 19111 prime?
False
Is 2707 a prime number?
True
Is 516281 prime?
False
Is 169027 prime?
False
Is 6487 prime?
False
Is 46923 a composite number?
True
Is 1383 composite?
True
Is 532241 composite?
False
Is 24317 prime?
True
Is 18021 a prime number?
False
Is 2593361 a composite number?
False
Is 1577245 prime?
False
Is 7262 a composite number?
True
Is 3251 a prime number?
True
Is 133 prime?
False
Is 3319 prime?
True
Is 7499 a prime number?
True
Is 263771 a composite number?
True
Is 13147 a composite number?
False
Is 2495 a prime number?
False
Is 117653 composite?
True
Is 183031 a prime number?
False
Is 16463 a composite number?
True
Is 459647 composite?
False
Is 2687023 prime?
True
Is 95293 composite?
True
Is 83669 a composite number?
True
Is 47 a prime number?
True
Is 2347805 a prime number?
False
Is 6817 a prime number?
False
Is 3711473 prime?
True
Is 51931 a prime number?
False
Is 12271 composite?
True
Is 2610955 a prime number?
False
Is 4633 a prime number?
False
Is 857453 composite?
False
Is 208303 prime?
False
Is 106531 prime?
True
Is 17657 prime?
True
Is 625003 a prime number?
False
Is 77011 prime?
False
Is 4603 composite?
False
Is 374059 composite?
True
Is 87097 a prime number?
False
Is 14779 prime?
True
Is 403433 a composite number?
False
Is 19911 prime?
False
Is 36997 composite?
False
Is 6243 composite?
True
Is 2809 a composite number?
True
Is 138911 prime?
False
Is 1903103 a prime number?
True
Is 406841 prime?
False
Is 4861 composite?
False
Is 236686 prime?
False
Is 1300121 composite?
True
Is 211187 a prime number?
True
Is 5269 a prime number?
False
Is 149585 composite?
True
Is 38803 a prime number?
True
Is 117805 composite?
True
Is 70571 prime?
True
Is 466109 prime?
False
Is 9587 a prime number?
True
Is 746429 prime?
True
Is 12757 a prime number?
True
Is 13453 a composite number?
True
Is 107519 composite?
True
Is 693967 a prime number?
True
Is 19529 prime?
False
Is 703 a composite number?
True
Is 237689 a prime number?
True
Is 540931 a composite number?
True
Is 409 a composite number?
False
Is 22853 a composite number?
False
Is 1166501 a composite number?
True
Is 2218 prime?
False
Is 2992321 prime?
True
Is 26819 composite?
True
Is 737657 a prime number?
True
Is 517523 a composite number?
True
Is 273433 a composite number?
False
Is 55313 a prime number?
True
Is 171007 composite?
False
Is 10369 a prime number?
True
Is 275699 prime?
True
Is 22087 a prime number?
False
Is 1310251 a composite number?
False
Is 3109 a composite number?
False
Is 10357 a composite number?
False
Is 12199 prime?
False
Is 91909 a prime number?
True
Is 4797757 a prime number?
False
Is